91.225.36.118 - - [07/Mar/2026:20:20:01 -0700] "POST /wp-admin/admin-ajax.php HTTP/2.0" 200 5 "https://brightsparkinnovation.org/wp-admin/post.php?post=9491&action=edit" "Mozilla/5.0 (Windows NT 10.0; Win64; x64) AppleWebKit/537.36 (KHTML, like Gecko) Chrome/145.0.0.0 Safari/537.36" 1071 **1/1071105**
91.225.36.118 - - [07/Mar/2026:20:20:03 -0700] "POST /wp-admin/admin-ajax.php HTTP/2.0" 200 77 "https://brightsparkinnovation.org/wp-admin/post.php?post=9491&action=edit" "Mozilla/5.0 (Windows NT 10.0; Win64; x64) AppleWebKit/537.36 (KHTML, like Gecko) Chrome/145.0.0.0 Safari/537.36" 561 **0/561313**
91.225.36.118 - - [07/Mar/2026:20:20:01 -0700] "GET /wp-admin/post.php?post=9491&action=edit HTTP/2.0" 200 147713 "-" "Mozilla/5.0 (Windows NT 10.0; Win64; x64) AppleWebKit/537.36 (KHTML, like Gecko) Chrome/145.0.0.0 Safari/537.36" 2646 **2/2646767**
107.152.32.177 - - [07/Mar/2026:20:20:03 -0700] "GET /1f2390d515a44a31a9c426683ab9ee3306ce803e8f05bd872252d26d96c99387postname1f2390d515a44a31a9c426683ab9ee3306ce803e8f05bd872252d26d96c99387/ HTTP/1.1" 404 17617 "https://brightsparkinnovation.org/" "Mozilla/5.0 (Windows NT 10.0; WOW64) AppleWebKit/537.36 (KHTML, like Gecko) Chrome/114.0.0.0 Safari/537.36 Vivaldi/5.3.2679.68" 698 **0/698277**
91.225.36.118 - - [07/Mar/2026:20:20:04 -0700] "GET /wp-content/plugins/astra-sites/inc/lib/zip-ai/sidebar/build/sidebar-app.css?ver=2.0.7 HTTP/2.0" 200 5300 "https://brightsparkinnovation.org/wp-admin/post.php?post=9491&action=edit" "Mozilla/5.0 (Windows NT 10.0; Win64; x64) AppleWebKit/537.36 (KHTML, like Gecko) Chrome/145.0.0.0 Safari/537.36" 16 **0/16116**
91.225.36.118 - - [07/Mar/2026:20:20:05 -0700] "GET /wp-json/wpforms/v1/themes/?_locale=user HTTP/2.0" 200 1537 "https://brightsparkinnovation.org/wp-admin/post.php?post=9491&action=edit" "Mozilla/5.0 (Windows NT 10.0; Win64; x64) AppleWebKit/537.36 (KHTML, like Gecko) Chrome/145.0.0.0 Safari/537.36" 372 **0/372761**
91.225.36.118 - - [07/Mar/2026:20:20:05 -0700] "OPTIONS /wp-json/wp/v2/settings?_locale=user HTTP/2.0" 200 1134 "https://brightsparkinnovation.org/wp-admin/post.php?post=9491&action=edit" "Mozilla/5.0 (Windows NT 10.0; Win64; x64) AppleWebKit/537.36 (KHTML, like Gecko) Chrome/145.0.0.0 Safari/537.36" 350 **0/350940**
91.225.36.118 - - [07/Mar/2026:20:20:05 -0700] "GET /wp-json/wp/v2/users/3?context=view&_fields=id%2Cname&_locale=user HTTP/2.0" 200 29 "https://brightsparkinnovation.org/wp-admin/post.php?post=9491&action=edit" "Mozilla/5.0 (Windows NT 10.0; Win64; x64) AppleWebKit/537.36 (KHTML, like Gecko) Chrome/145.0.0.0 Safari/537.36" 401 **0/401422**
91.225.36.118 - - [07/Mar/2026:20:20:05 -0700] "GET /wp-json/wp/v2/taxonomies?context=edit&per_page=100&_locale=user HTTP/2.0" 200 1312 "https://brightsparkinnovation.org/wp-admin/post.php?post=9491&action=edit" "Mozilla/5.0 (Windows NT 10.0; Win64; x64) AppleWebKit/537.36 (KHTML, like Gecko) Chrome/145.0.0.0 Safari/537.36" 427 **0/427036**
107.152.32.177 - - [07/Mar/2026:20:20:05 -0700] "GET / HTTP/1.1" 200 23677 "-" "Mozilla/5.0 (Windows NT 10.0; WOW64) AppleWebKit/537.36 (KHTML, like Gecko) Chrome/114.0.0.0 Safari/537.36 Vivaldi/5.3.2679.68" 544 **0/544494**
91.225.36.118 - - [07/Mar/2026:20:20:05 -0700] "OPTIONS /wp-json/wp/v2/posts?_locale=user HTTP/2.0" 200 3140 "https://brightsparkinnovation.org/wp-admin/post.php?post=9491&action=edit" "Mozilla/5.0 (Windows NT 10.0; Win64; x64) AppleWebKit/537.36 (KHTML, like Gecko) Chrome/145.0.0.0 Safari/537.36" 517 **0/517409**
91.225.36.118 - - [07/Mar/2026:20:20:06 -0700] "GET /wp-json/wp/v2/wp_pattern_category?context=view&per_page=100&_fields=id%2Cname%2Cdescription%2Cslug&_locale=user HTTP/2.0" 200 6 "https://brightsparkinnovation.org/wp-admin/post.php?post=9491&action=edit" "Mozilla/5.0 (Windows NT 10.0; Win64; x64) AppleWebKit/537.36 (KHTML, like Gecko) Chrome/145.0.0.0 Safari/537.36" 471 **0/471785**
91.225.36.118 - - [07/Mar/2026:20:20:06 -0700] "GET /wp-json/gutenberg-templates/v1/setup?_locale=user HTTP/2.0" 200 35 "https://brightsparkinnovation.org/wp-admin/post.php?post=9491&action=edit" "Mozilla/5.0 (Windows NT 10.0; Win64; x64) AppleWebKit/537.36 (KHTML, like Gecko) Chrome/145.0.0.0 Safari/537.36" 435 **0/435261**
91.225.36.118 - - [07/Mar/2026:20:20:06 -0700] "GET /wp-json/gutenberg-templates/v1/categories?_locale=user HTTP/2.0" 200 676 "https://brightsparkinnovation.org/wp-admin/post.php?post=9491&action=edit" "Mozilla/5.0 (Windows NT 10.0; Win64; x64) AppleWebKit/537.36 (KHTML, like Gecko) Chrome/145.0.0.0 Safari/537.36" 368 **0/368859**
91.225.36.118 - - [07/Mar/2026:20:20:07 -0700] "GET /wp-json/gutenberg-templates/v1/blocks?start=1&end=10&_locale=user HTTP/2.0" 200 510951 "https://brightsparkinnovation.org/wp-admin/post.php?post=9491&action=edit" "Mozilla/5.0 (Windows NT 10.0; Win64; x64) AppleWebKit/537.36 (KHTML, like Gecko) Chrome/145.0.0.0 Safari/537.36" 1026 **1/1026825**
91.225.36.118 - - [07/Mar/2026:20:20:08 -0700] "GET /wp-json/gutenberg-templates/v1/blocks?start=11&end=20&_locale=user HTTP/2.0" 200 48 "https://brightsparkinnovation.org/wp-admin/post.php?post=9491&action=edit" "Mozilla/5.0 (Windows NT 10.0; Win64; x64) AppleWebKit/537.36 (KHTML, like Gecko) Chrome/145.0.0.0 Safari/537.36" 328 **0/328087**
91.225.36.118 - - [07/Mar/2026:20:20:09 -0700] "GET /wp-json/gutenberg-templates/v1/sites?_locale=user HTTP/2.0" 200 93740 "https://brightsparkinnovation.org/wp-admin/post.php?post=9491&action=edit" "Mozilla/5.0 (Windows NT 10.0; Win64; x64) AppleWebKit/537.36 (KHTML, like Gecko) Chrome/145.0.0.0 Safari/537.36" 505 **0/505023**
107.152.32.177 - - [07/Mar/2026:20:20:13 -0700] "GET /contact/ HTTP/1.1" 200 23021 "https://brightsparkinnovation.org" "Mozilla/5.0 (Windows NT 10.0; WOW64) AppleWebKit/537.36 (KHTML, like Gecko) Chrome/114.0.0.0 Safari/537.36 Vivaldi/5.3.2679.68" 512 **0/512341**
57.141.2.35 - - [07/Mar/2026:20:20:13 -0700] "GET /to-play/birmingham-online-casinos.html HTTP/2.0" 404 106449 "-" "meta-externalagent/1.1 (+https://developers.facebook.com/docs/sharing/webmasters/crawler)" 704 **0/704800**
91.225.36.118 - - [07/Mar/2026:20:20:16 -0700] "POST /wp-admin/admin-ajax.php HTTP/2.0" 200 77 "https://brightsparkinnovation.org/wp-admin/post.php?post=9491&action=edit" "Mozilla/5.0 (Windows NT 10.0; Win64; x64) AppleWebKit/537.36 (KHTML, like Gecko) Chrome/145.0.0.0 Safari/537.36" 245 **0/245426**
91.225.36.118 - - [07/Mar/2026:20:20:16 -0700] "POST /wp-admin/admin-ajax.php HTTP/2.0" 200 5 "https://brightsparkinnovation.org/wp-admin/post.php?post=9491&action=edit" "Mozilla/5.0 (Windows NT 10.0; Win64; x64) AppleWebKit/537.36 (KHTML, like Gecko) Chrome/145.0.0.0 Safari/537.36" 369 **0/369600**
91.225.36.118 - - [07/Mar/2026:20:20:16 -0700] "GET /wp-admin/post-new.php HTTP/2.0" 200 141144 "-" "Mozilla/5.0 (Windows NT 10.0; Win64; x64) AppleWebKit/537.36 (KHTML, like Gecko) Chrome/145.0.0.0 Safari/537.36" 1043 **1/1043686**
68.178.236.130 - - [07/Mar/2026:20:20:18 -0700] "POST /wp-cron.php?doing_wp_cron=1772940018.3451669216156005859375 HTTP/1.1" 200 - "-" "WordPress/6.9.1; https://brightsparkinnovation.org" 19 **0/19384**
91.225.36.118 - - [07/Mar/2026:20:20:18 -0700] "GET /wp-json/wpforms/v1/themes/?_locale=user HTTP/2.0" 200 1537 "https://brightsparkinnovation.org/wp-admin/post-new.php" "Mozilla/5.0 (Windows NT 10.0; Win64; x64) AppleWebKit/537.36 (KHTML, like Gecko) Chrome/145.0.0.0 Safari/537.36" 332 **0/332022**
91.225.36.118 - - [07/Mar/2026:20:20:18 -0700] "OPTIONS /wp-json/wp/v2/settings?_locale=user HTTP/2.0" 200 1134 "https://brightsparkinnovation.org/wp-admin/post-new.php" "Mozilla/5.0 (Windows NT 10.0; Win64; x64) AppleWebKit/537.36 (KHTML, like Gecko) Chrome/145.0.0.0 Safari/537.36" 381 **0/381954**
91.225.36.118 - - [07/Mar/2026:20:20:18 -0700] "OPTIONS /wp-json/wp/v2/posts?_locale=user HTTP/2.0" 200 3140 "https://brightsparkinnovation.org/wp-admin/post-new.php" "Mozilla/5.0 (Windows NT 10.0; Win64; x64) AppleWebKit/537.36 (KHTML, like Gecko) Chrome/145.0.0.0 Safari/537.36" 372 **0/372974**
91.225.36.118 - - [07/Mar/2026:20:20:18 -0700] "GET /wp-json/wp/v2/blocks?context=edit&per_page=100&page=1&_locale=user HTTP/2.0" 200 6 "https://brightsparkinnovation.org/wp-admin/post-new.php" "Mozilla/5.0 (Windows NT 10.0; Win64; x64) AppleWebKit/537.36 (KHTML, like Gecko) Chrome/145.0.0.0 Safari/537.36" 406 **0/406057**
91.225.36.118 - - [07/Mar/2026:20:20:18 -0700] "GET /wp-json/wp/v2/taxonomies?context=edit&per_page=100&_locale=user HTTP/2.0" 200 1312 "https://brightsparkinnovation.org/wp-admin/post-new.php" "Mozilla/5.0 (Windows NT 10.0; Win64; x64) AppleWebKit/537.36 (KHTML, like Gecko) Chrome/145.0.0.0 Safari/537.36" 404 **0/404945**
91.225.36.118 - - [07/Mar/2026:20:20:18 -0700] "GET /wp-json/wp/v2/wp_pattern_category?context=view&per_page=100&_fields=id%2Cname%2Cdescription%2Cslug&_locale=user HTTP/2.0" 200 6 "https://brightsparkinnovation.org/wp-admin/post-new.php" "Mozilla/5.0 (Windows NT 10.0; Win64; x64) AppleWebKit/537.36 (KHTML, like Gecko) Chrome/145.0.0.0 Safari/537.36" 378 **0/378513**
91.225.36.118 - - [07/Mar/2026:20:20:18 -0700] "GET /wp-json/wp/v2/users/3?context=view&_fields=id%2Cname&_locale=user HTTP/2.0" 200 29 "https://brightsparkinnovation.org/wp-admin/post-new.php" "Mozilla/5.0 (Windows NT 10.0; Win64; x64) AppleWebKit/537.36 (KHTML, like Gecko) Chrome/145.0.0.0 Safari/537.36" 451 **0/451381**
91.225.36.118 - - [07/Mar/2026:20:20:18 -0700] "GET /wp-json/wp/v2/block-patterns/patterns?_locale=user HTTP/2.0" 200 17164 "https://brightsparkinnovation.org/wp-admin/post-new.php" "Mozilla/5.0 (Windows NT 10.0; Win64; x64) AppleWebKit/537.36 (KHTML, like Gecko) Chrome/145.0.0.0 Safari/537.36" 509 **0/509335**
91.225.36.118 - - [07/Mar/2026:20:20:18 -0700] "GET /wp-json/gutenberg-templates/v1/setup?_locale=user HTTP/2.0" 200 35 "https://brightsparkinnovation.org/wp-admin/post-new.php" "Mozilla/5.0 (Windows NT 10.0; Win64; x64) AppleWebKit/537.36 (KHTML, like Gecko) Chrome/145.0.0.0 Safari/537.36" 424 **0/424979**
91.225.36.118 - - [07/Mar/2026:20:20:19 -0700] "GET /wp-content/plugins/astra-sites/inc/lib/gutenberg-templates/dist/st.svg HTTP/2.0" 200 2285 "https://brightsparkinnovation.org/wp-admin/post-new.php" "Mozilla/5.0 (Windows NT 10.0; Win64; x64) AppleWebKit/537.36 (KHTML, like Gecko) Chrome/145.0.0.0 Safari/537.36" 10 **0/10851**
91.225.36.118 - - [07/Mar/2026:20:20:19 -0700] "GET /wp-json/gutenberg-templates/v1/categories?_locale=user HTTP/2.0" 200 676 "https://brightsparkinnovation.org/wp-admin/post-new.php" "Mozilla/5.0 (Windows NT 10.0; Win64; x64) AppleWebKit/537.36 (KHTML, like Gecko) Chrome/145.0.0.0 Safari/537.36" 343 **0/343608**
91.225.36.118 - - [07/Mar/2026:20:20:19 -0700] "GET /wp-json/gutenberg-templates/v1/blocks?start=1&end=10&_locale=user HTTP/2.0" 200 510951 "https://brightsparkinnovation.org/wp-admin/post-new.php" "Mozilla/5.0 (Windows NT 10.0; Win64; x64) AppleWebKit/537.36 (KHTML, like Gecko) Chrome/145.0.0.0 Safari/537.36" 988 **0/988585**
91.225.36.118 - - [07/Mar/2026:20:20:21 -0700] "GET /wp-json/gutenberg-templates/v1/blocks?start=11&end=20&_locale=user HTTP/2.0" 200 48 "https://brightsparkinnovation.org/wp-admin/post-new.php" "Mozilla/5.0 (Windows NT 10.0; Win64; x64) AppleWebKit/537.36 (KHTML, like Gecko) Chrome/145.0.0.0 Safari/537.36" 287 **0/287157**
91.225.36.118 - - [07/Mar/2026:20:20:21 -0700] "GET /wp-json/gutenberg-templates/v1/sites?_locale=user HTTP/2.0" 200 93740 "https://brightsparkinnovation.org/wp-admin/post-new.php" "Mozilla/5.0 (Windows NT 10.0; Win64; x64) AppleWebKit/537.36 (KHTML, like Gecko) Chrome/145.0.0.0 Safari/537.36" 355 **0/355832**
91.225.36.118 - - [07/Mar/2026:20:20:28 -0700] "POST /wp-admin/admin-ajax.php HTTP/2.0" 200 77 "https://brightsparkinnovation.org/wp-admin/post-new.php" "Mozilla/5.0 (Windows NT 10.0; Win64; x64) AppleWebKit/537.36 (KHTML, like Gecko) Chrome/145.0.0.0 Safari/537.36" 206 **0/206538**
57.141.2.18 - - [07/Mar/2026:20:20:28 -0700] "GET /to-play/vulkanbet-casino-no-deposit-bonus-100-free-spins.html HTTP/2.0" 404 106449 "-" "meta-externalagent/1.1 (+https://developers.facebook.com/docs/sharing/webmasters/crawler)" 720 **0/720813**
91.225.36.118 - - [07/Mar/2026:20:20:38 -0700] "POST /wp-admin/admin-ajax.php HTTP/2.0" 200 78 "https://brightsparkinnovation.org/wp-admin/post-new.php" "Mozilla/5.0 (Windows NT 10.0; Win64; x64) AppleWebKit/537.36 (KHTML, like Gecko) Chrome/145.0.0.0 Safari/537.36" 237 **0/237444**
57.141.2.28 - - [07/Mar/2026:20:20:43 -0700] "GET /to-play/nortia-casino-login-app-sign-up.html HTTP/2.0" 404 106449 "-" "meta-externalagent/1.1 (+https://developers.facebook.com/docs/sharing/webmasters/crawler)" 675 **0/675610**
91.225.36.118 - - [07/Mar/2026:20:20:48 -0700] "POST /wp-admin/admin-ajax.php HTTP/2.0" 200 77 "https://brightsparkinnovation.org/wp-admin/post-new.php" "Mozilla/5.0 (Windows NT 10.0; Win64; x64) AppleWebKit/537.36 (KHTML, like Gecko) Chrome/145.0.0.0 Safari/537.36" 214 **0/214361**
91.225.36.118 - - [07/Mar/2026:20:20:53 -0700] "GET /wp-includes/css/dist/components/style.min.css?ver=6.9.1 HTTP/2.0" 200 13446 "-" "Mozilla/5.0 (Windows NT 10.0; Win64; x64) AppleWebKit/537.36 (KHTML, like Gecko) Chrome/145.0.0.0 Safari/537.36" 15 **0/15369**
91.225.36.118 - - [07/Mar/2026:20:20:53 -0700] "GET /wp-includes/css/dist/block-library/style.min.css?ver=6.9.1 HTTP/2.0" 200 14701 "-" "Mozilla/5.0 (Windows NT 10.0; Win64; x64) AppleWebKit/537.36 (KHTML, like Gecko) Chrome/145.0.0.0 Safari/537.36" 15 **0/15298**
91.225.36.118 - - [07/Mar/2026:20:20:53 -0700] "GET /wp-includes/css/dist/block-editor/content.min.css?ver=6.9.1 HTTP/2.0" 200 4489 "-" "Mozilla/5.0 (Windows NT 10.0; Win64; x64) AppleWebKit/537.36 (KHTML, like Gecko) Chrome/145.0.0.0 Safari/537.36" 15 **0/15630**
91.225.36.118 - - [07/Mar/2026:20:20:53 -0700] "GET /wp-includes/css/dist/block-library/editor.min.css?ver=6.9.1 HTTP/2.0" 200 11170 "-" "Mozilla/5.0 (Windows NT 10.0; Win64; x64) AppleWebKit/537.36 (KHTML, like Gecko) Chrome/145.0.0.0 Safari/537.36" 22 **0/22049**
91.225.36.118 - - [07/Mar/2026:20:20:53 -0700] "GET /wp-includes/css/dashicons.min.css?ver=6.9.1 HTTP/2.0" 200 35100 "-" "Mozilla/5.0 (Windows NT 10.0; Win64; x64) AppleWebKit/537.36 (KHTML, like Gecko) Chrome/145.0.0.0 Safari/537.36" 25 **0/25313**
91.225.36.118 - - [07/Mar/2026:20:20:53 -0700] "GET /wp-admin/load-scripts.php?c=0&load%5Bchunk_0%5D=wp-polyfill&ver=6.9.1 HTTP/2.0" 200 11557 "-" "Mozilla/5.0 (Windows NT 10.0; Win64; x64) AppleWebKit/537.36 (KHTML, like Gecko) Chrome/145.0.0.0 Safari/537.36" 30 **0/30007**
91.225.36.118 - - [07/Mar/2026:20:20:53 -0700] "POST /wp-json/wp/v2/users/me?_locale=user HTTP/2.0" 200 765 "https://brightsparkinnovation.org/wp-admin/post-new.php" "Mozilla/5.0 (Windows NT 10.0; Win64; x64) AppleWebKit/537.36 (KHTML, like Gecko) Chrome/145.0.0.0 Safari/537.36" 300 **0/300408**
91.225.36.118 - - [07/Mar/2026:20:20:53 -0700] "GET /wp-json/wp/v2/comments?context=edit&post=9492&type=note&status=all&per_page=100&_locale=user HTTP/2.0" 200 6 "https://brightsparkinnovation.org/wp-admin/post-new.php" "Mozilla/5.0 (Windows NT 10.0; Win64; x64) AppleWebKit/537.36 (KHTML, like Gecko) Chrome/145.0.0.0 Safari/537.36" 244 **0/244779**
91.225.36.118 - - [07/Mar/2026:20:20:58 -0700] "POST /wp-admin/admin-ajax.php HTTP/2.0" 200 78 "https://brightsparkinnovation.org/wp-admin/post-new.php" "Mozilla/5.0 (Windows NT 10.0; Win64; x64) AppleWebKit/537.36 (KHTML, like Gecko) Chrome/145.0.0.0 Safari/537.36" 202 **0/202224**
57.141.2.56 - - [07/Mar/2026:20:20:59 -0700] "GET /to-play/play-fruit-slots-free-online.html HTTP/2.0" 404 106449 "-" "meta-externalagent/1.1 (+https://developers.facebook.com/docs/sharing/webmasters/crawler)" 722 **0/722210**
91.225.36.118 - - [07/Mar/2026:20:21:05 -0700] "OPTIONS /wp-json/wp/v2/posts/?context=edit&_locale=user HTTP/2.0" 200 3140 "https://brightsparkinnovation.org/wp-admin/post-new.php" "Mozilla/5.0 (Windows NT 10.0; Win64; x64) AppleWebKit/537.36 (KHTML, like Gecko) Chrome/145.0.0.0 Safari/537.36" 294 **0/294268**
57.141.2.11 - - [07/Mar/2026:20:21:14 -0700] "GET /to-play/free-casino-machine-online-games.html HTTP/2.0" 404 106449 "-" "meta-externalagent/1.1 (+https://developers.facebook.com/docs/sharing/webmasters/crawler)" 663 **0/663645**
91.225.36.118 - - [07/Mar/2026:20:21:16 -0700] "POST /wp-admin/admin-ajax.php HTTP/2.0" 200 77 "https://brightsparkinnovation.org/wp-admin/post-new.php" "Mozilla/5.0 (Windows NT 10.0; Win64; x64) AppleWebKit/537.36 (KHTML, like Gecko) Chrome/145.0.0.0 Safari/537.36" 203 **0/203702**
68.178.236.130 - - [07/Mar/2026:20:21:18 -0700] "POST /wp-cron.php?doing_wp_cron=1772940078.5252459049224853515625 HTTP/1.1" 200 - "-" "WordPress/6.9.1; https://brightsparkinnovation.org" 20 **0/20021**
91.225.36.118 - - [07/Mar/2026:20:21:18 -0700] "POST /wp-admin/admin-ajax.php HTTP/2.0" 200 77 "https://brightsparkinnovation.org/wp-admin/post-new.php" "Mozilla/5.0 (Windows NT 10.0; Win64; x64) AppleWebKit/537.36 (KHTML, like Gecko) Chrome/145.0.0.0 Safari/537.36" 263 **0/263159**
91.225.36.118 - - [07/Mar/2026:20:21:25 -0700] "POST /wp-json/wp/v2/users/me?_locale=user HTTP/2.0" 200 765 "https://brightsparkinnovation.org/wp-admin/post-new.php" "Mozilla/5.0 (Windows NT 10.0; Win64; x64) AppleWebKit/537.36 (KHTML, like Gecko) Chrome/145.0.0.0 Safari/537.36" 305 **0/305437**
91.225.36.118 - - [07/Mar/2026:20:21:28 -0700] "POST /wp-admin/admin-ajax.php HTTP/2.0" 200 77 "https://brightsparkinnovation.org/wp-admin/post-new.php" "Mozilla/5.0 (Windows NT 10.0; Win64; x64) AppleWebKit/537.36 (KHTML, like Gecko) Chrome/145.0.0.0 Safari/537.36" 194 **0/194904**
57.141.2.44 - - [07/Mar/2026:20:21:30 -0700] "GET /to-play/keno-for-free.html HTTP/2.0" 404 106449 "-" "meta-externalagent/1.1 (+https://developers.facebook.com/docs/sharing/webmasters/crawler)" 656 **0/656566**
91.225.36.118 - - [07/Mar/2026:20:21:35 -0700] "POST /wp-json/wp/v2/posts/9492/autosaves?_locale=user HTTP/2.0" 200 6021 "https://brightsparkinnovation.org/wp-admin/post-new.php" "Mozilla/5.0 (Windows NT 10.0; Win64; x64) AppleWebKit/537.36 (KHTML, like Gecko) Chrome/145.0.0.0 Safari/537.36" 366 **0/366801**
91.225.36.118 - - [07/Mar/2026:20:21:42 -0700] "POST /wp-admin/admin-ajax.php HTTP/2.0" 200 78 "https://brightsparkinnovation.org/wp-admin/post.php?post=9492&action=edit" "Mozilla/5.0 (Windows NT 10.0; Win64; x64) AppleWebKit/537.36 (KHTML, like Gecko) Chrome/145.0.0.0 Safari/537.36" 215 **0/215521**
57.141.2.43 - - [07/Mar/2026:20:21:45 -0700] "GET /to-play/best-uk-online-gambling.html HTTP/2.0" 404 106449 "-" "meta-externalagent/1.1 (+https://developers.facebook.com/docs/sharing/webmasters/crawler)" 714 **0/714036**
91.225.36.118 - - [07/Mar/2026:20:21:48 -0700] "POST /wp-admin/admin-ajax.php HTTP/2.0" 200 77 "https://brightsparkinnovation.org/wp-admin/post.php?post=9492&action=edit" "Mozilla/5.0 (Windows NT 10.0; Win64; x64) AppleWebKit/537.36 (KHTML, like Gecko) Chrome/145.0.0.0 Safari/537.36" 5286 **5/5286763**
91.225.36.118 - - [07/Mar/2026:20:21:57 -0700] "GET /wp-json/wp/v2/tags?context=edit&per_page=1&_locale=user HTTP/2.0" 200 6 "https://brightsparkinnovation.org/wp-admin/post.php?post=9492&action=edit" "Mozilla/5.0 (Windows NT 10.0; Win64; x64) AppleWebKit/537.36 (KHTML, like Gecko) Chrome/145.0.0.0 Safari/537.36" 296 **0/296881**
91.225.36.118 - - [07/Mar/2026:20:21:57 -0700] "GET /wp-json/wp/v2/categories/1?context=edit&_locale=user HTTP/2.0" 200 284 "https://brightsparkinnovation.org/wp-admin/post.php?post=9492&action=edit" "Mozilla/5.0 (Windows NT 10.0; Win64; x64) AppleWebKit/537.36 (KHTML, like Gecko) Chrome/145.0.0.0 Safari/537.36" 310 **0/310965**
91.225.36.118 - - [07/Mar/2026:20:21:57 -0700] "GET /wp-json/wp/v2/categories?context=edit&exclude%5B0%5D=1&per_page=1&_locale=user HTTP/2.0" 200 323 "https://brightsparkinnovation.org/wp-admin/post.php?post=9492&action=edit" "Mozilla/5.0 (Windows NT 10.0; Win64; x64) AppleWebKit/537.36 (KHTML, like Gecko) Chrome/145.0.0.0 Safari/537.36" 362 **0/362194**
91.225.36.118 - - [07/Mar/2026:20:21:58 -0700] "POST /wp-admin/admin-ajax.php HTTP/2.0" 200 77 "https://brightsparkinnovation.org/wp-admin/post.php?post=9492&action=edit" "Mozilla/5.0 (Windows NT 10.0; Win64; x64) AppleWebKit/537.36 (KHTML, like Gecko) Chrome/145.0.0.0 Safari/537.36" 216 **0/216140**
57.141.2.60 - - [07/Mar/2026:20:22:00 -0700] "GET /to-play/rules-for-rummy.html HTTP/2.0" 404 106449 "-" "meta-externalagent/1.1 (+https://developers.facebook.com/docs/sharing/webmasters/crawler)" 765 **0/765056**
91.225.36.118 - - [07/Mar/2026:20:22:03 -0700] "POST /wp-admin/admin-ajax.php HTTP/2.0" 200 5 "https://brightsparkinnovation.org/wp-admin/post.php?post=9492&action=edit" "Mozilla/5.0 (Windows NT 10.0; Win64; x64) AppleWebKit/537.36 (KHTML, like Gecko) Chrome/145.0.0.0 Safari/537.36" 376 **0/376968**
91.225.36.118 - - [07/Mar/2026:20:22:03 -0700] "GET /wp-admin/post.php?post=9492&action=edit HTTP/2.0" 200 146523 "-" "Mozilla/5.0 (Windows NT 10.0; Win64; x64) AppleWebKit/537.36 (KHTML, like Gecko) Chrome/145.0.0.0 Safari/537.36" 1165 **1/1165865**
91.225.36.118 - - [07/Mar/2026:20:22:05 -0700] "GET /wp-json/wpforms/v1/themes/?_locale=user HTTP/2.0" 200 1537 "https://brightsparkinnovation.org/wp-admin/post.php?post=9492&action=edit" "Mozilla/5.0 (Windows NT 10.0; Win64; x64) AppleWebKit/537.36 (KHTML, like Gecko) Chrome/145.0.0.0 Safari/537.36" 301 **0/301408**
91.225.36.118 - - [07/Mar/2026:20:22:05 -0700] "OPTIONS /wp-json/wp/v2/settings?_locale=user HTTP/2.0" 200 1134 "https://brightsparkinnovation.org/wp-admin/post.php?post=9492&action=edit" "Mozilla/5.0 (Windows NT 10.0; Win64; x64) AppleWebKit/537.36 (KHTML, like Gecko) Chrome/145.0.0.0 Safari/537.36" 330 **0/330830**
91.225.36.118 - - [07/Mar/2026:20:22:05 -0700] "OPTIONS /wp-json/wp/v2/posts?_locale=user HTTP/2.0" 200 3140 "https://brightsparkinnovation.org/wp-admin/post.php?post=9492&action=edit" "Mozilla/5.0 (Windows NT 10.0; Win64; x64) AppleWebKit/537.36 (KHTML, like Gecko) Chrome/145.0.0.0 Safari/537.36" 323 **0/323064**
91.225.36.118 - - [07/Mar/2026:20:22:05 -0700] "GET /wp-json/wp/v2/taxonomies?context=edit&per_page=100&_locale=user HTTP/2.0" 200 1312 "https://brightsparkinnovation.org/wp-admin/post.php?post=9492&action=edit" "Mozilla/5.0 (Windows NT 10.0; Win64; x64) AppleWebKit/537.36 (KHTML, like Gecko) Chrome/145.0.0.0 Safari/537.36" 335 **0/335207**
91.225.36.118 - - [07/Mar/2026:20:22:05 -0700] "GET /wp-json/wp/v2/users/3?context=view&_fields=id%2Cname&_locale=user HTTP/2.0" 200 29 "https://brightsparkinnovation.org/wp-admin/post.php?post=9492&action=edit" "Mozilla/5.0 (Windows NT 10.0; Win64; x64) AppleWebKit/537.36 (KHTML, like Gecko) Chrome/145.0.0.0 Safari/537.36" 354 **0/354974**
91.225.36.118 - - [07/Mar/2026:20:22:06 -0700] "GET /wp-json/gutenberg-templates/v1/setup?_locale=user HTTP/2.0" 200 35 "https://brightsparkinnovation.org/wp-admin/post.php?post=9492&action=edit" "Mozilla/5.0 (Windows NT 10.0; Win64; x64) AppleWebKit/537.36 (KHTML, like Gecko) Chrome/145.0.0.0 Safari/537.36" 347 **0/347027**
91.225.36.118 - - [07/Mar/2026:20:22:06 -0700] "GET /wp-json/wp/v2/wp_pattern_category?context=view&per_page=100&_fields=id%2Cname%2Cdescription%2Cslug&_locale=user HTTP/2.0" 200 6 "https://brightsparkinnovation.org/wp-admin/post.php?post=9492&action=edit" "Mozilla/5.0 (Windows NT 10.0; Win64; x64) AppleWebKit/537.36 (KHTML, like Gecko) Chrome/145.0.0.0 Safari/537.36" 328 **0/328805**
91.225.36.118 - - [07/Mar/2026:20:22:06 -0700] "GET /wp-json/gutenberg-templates/v1/categories?_locale=user HTTP/2.0" 200 676 "https://brightsparkinnovation.org/wp-admin/post.php?post=9492&action=edit" "Mozilla/5.0 (Windows NT 10.0; Win64; x64) AppleWebKit/537.36 (KHTML, like Gecko) Chrome/145.0.0.0 Safari/537.36" 295 **0/295968**
91.225.36.118 - - [07/Mar/2026:20:22:07 -0700] "GET /wp-json/gutenberg-templates/v1/blocks?start=1&end=10&_locale=user HTTP/2.0" 200 510951 "https://brightsparkinnovation.org/wp-admin/post.php?post=9492&action=edit" "Mozilla/5.0 (Windows NT 10.0; Win64; x64) AppleWebKit/537.36 (KHTML, like Gecko) Chrome/145.0.0.0 Safari/537.36" 886 **0/886664**
91.225.36.118 - - [07/Mar/2026:20:22:08 -0700] "GET /wp-json/gutenberg-templates/v1/blocks?start=11&end=20&_locale=user HTTP/2.0" 200 48 "https://brightsparkinnovation.org/wp-admin/post.php?post=9492&action=edit" "Mozilla/5.0 (Windows NT 10.0; Win64; x64) AppleWebKit/537.36 (KHTML, like Gecko) Chrome/145.0.0.0 Safari/537.36" 248 **0/248580**
91.225.36.118 - - [07/Mar/2026:20:22:09 -0700] "GET /wp-json/gutenberg-templates/v1/sites?_locale=user HTTP/2.0" 200 93740 "https://brightsparkinnovation.org/wp-admin/post.php?post=9492&action=edit" "Mozilla/5.0 (Windows NT 10.0; Win64; x64) AppleWebKit/537.36 (KHTML, like Gecko) Chrome/145.0.0.0 Safari/537.36" 351 **0/351522**
91.225.36.118 - - [07/Mar/2026:20:22:15 -0700] "POST /wp-admin/admin-ajax.php HTTP/2.0" 200 77 "https://brightsparkinnovation.org/wp-admin/post.php?post=9492&action=edit" "Mozilla/5.0 (Windows NT 10.0; Win64; x64) AppleWebKit/537.36 (KHTML, like Gecko) Chrome/145.0.0.0 Safari/537.36" 235 **0/235452**
57.141.2.22 - - [07/Mar/2026:20:22:16 -0700] "GET /to-play/deposit-10-get-bonus.html HTTP/2.0" 404 106449 "-" "meta-externalagent/1.1 (+https://developers.facebook.com/docs/sharing/webmasters/crawler)" 675 **0/675181**
68.178.236.130 - - [07/Mar/2026:20:22:22 -0700] "POST /wp-cron.php?doing_wp_cron=1772940142.4626059532165527343750 HTTP/1.1" 200 - "-" "WordPress/6.9.1; https://brightsparkinnovation.org" 22 **0/22640**
144.76.32.190 - - [07/Mar/2026:20:22:22 -0700] "GET /to-play/100-free-spin-casino.html HTTP/1.1" 404 106449 "-" "Mozilla/5.0 (compatible; SERankingBacklinksBot/1.0; +https://seranking.com/backlinks-crawler)" 507 **0/507660**
57.141.2.11 - - [07/Mar/2026:20:22:31 -0700] "GET /to-play/play-casino-games-for-free.html HTTP/2.0" 404 106449 "-" "meta-externalagent/1.1 (+https://developers.facebook.com/docs/sharing/webmasters/crawler)" 655 **0/655868**
57.141.2.65 - - [07/Mar/2026:20:22:47 -0700] "GET /to-play/new-online-slots-no-deposit-bonus-uk.html HTTP/2.0" 404 106449 "-" "meta-externalagent/1.1 (+https://developers.facebook.com/docs/sharing/webmasters/crawler)" 697 **0/697651**
57.141.2.3 - - [07/Mar/2026:20:23:02 -0700] "GET /to-play/slot-regal-fruits-1000-by-amigo-gaming-demo-free-play.html HTTP/2.0" 404 106449 "-" "meta-externalagent/1.1 (+https://developers.facebook.com/docs/sharing/webmasters/crawler)" 761 **0/761202**
68.178.236.130 - - [07/Mar/2026:20:23:18 -0700] "POST /wp-cron.php?doing_wp_cron=1772940198.1253809928894042968750 HTTP/1.1" 200 - "-" "WordPress/6.9.1; https://brightsparkinnovation.org" 17 **0/17435**
57.141.2.61 - - [07/Mar/2026:20:23:17 -0700] "GET /to-play/how-to-make-money-online-without-gambling.html HTTP/2.0" 404 106449 "-" "meta-externalagent/1.1 (+https://developers.facebook.com/docs/sharing/webmasters/crawler)" 690 **0/690817**
57.141.2.71 - - [07/Mar/2026:20:23:33 -0700] "GET /to-play/best-bingo-and-slot-sites-canada.html HTTP/2.0" 404 106449 "-" "meta-externalagent/1.1 (+https://developers.facebook.com/docs/sharing/webmasters/crawler)" 713 **0/713560**
57.141.2.51 - - [07/Mar/2026:20:23:48 -0700] "GET /to-play/jfdbet-casino-no-deposit-bonus-100-free-spins.html HTTP/2.0" 404 106449 "-" "meta-externalagent/1.1 (+https://developers.facebook.com/docs/sharing/webmasters/crawler)" 639 **0/639152**
57.141.2.4 - - [07/Mar/2026:20:24:04 -0700] "GET /to-play/best-new-online-casinos-united-kingdom.html HTTP/2.0" 404 106449 "-" "meta-externalagent/1.1 (+https://developers.facebook.com/docs/sharing/webmasters/crawler)" 774 **0/774990**
68.178.236.130 - - [07/Mar/2026:20:24:19 -0700] "POST /wp-cron.php?doing_wp_cron=1772940259.4764280319213867187500 HTTP/1.1" 200 - "-" "WordPress/6.9.1; https://brightsparkinnovation.org" 27 **0/27597**
57.141.2.35 - - [07/Mar/2026:20:24:19 -0700] "GET /to-play/european-casinos-online.html HTTP/2.0" 404 106449 "-" "meta-externalagent/1.1 (+https://developers.facebook.com/docs/sharing/webmasters/crawler)" 680 **0/680070**
57.141.2.69 - - [07/Mar/2026:20:24:34 -0700] "GET /to-play/deposit-5-slots.html HTTP/2.0" 404 106449 "-" "meta-externalagent/1.1 (+https://developers.facebook.com/docs/sharing/webmasters/crawler)" 686 **0/686456**
57.141.2.15 - - [07/Mar/2026:20:24:49 -0700] "GET /to-play/bang-on-casino-review-ireland.html HTTP/2.0" 404 106449 "-" "meta-externalagent/1.1 (+https://developers.facebook.com/docs/sharing/webmasters/crawler)" 638 **0/638026**
57.141.2.47 - - [07/Mar/2026:20:25:05 -0700] "GET /to-play/hashlucky-casino-no-deposit-bonus-100-free-spins.html HTTP/2.0" 404 106449 "-" "meta-externalagent/1.1 (+https://developers.facebook.com/docs/sharing/webmasters/crawler)" 864 **0/864934**
57.141.2.42 - - [07/Mar/2026:20:25:20 -0700] "GET /to-play/online-gambling-australia-stocks.html HTTP/2.0" 200 - "-" "meta-externalagent/1.1 (+https://developers.facebook.com/docs/sharing/webmasters/crawler)" 9 **0/9319**
68.178.236.130 - - [07/Mar/2026:20:25:36 -0700] "POST /wp-cron.php?doing_wp_cron=1772940336.6673738956451416015625 HTTP/1.1" 200 - "-" "WordPress/6.9.1; https://brightsparkinnovation.org" 16 **0/16044**
57.141.2.3 - - [07/Mar/2026:20:25:36 -0700] "GET /to-play/online-gambling-canada-states.html HTTP/2.0" 404 106449 "-" "meta-externalagent/1.1 (+https://developers.facebook.com/docs/sharing/webmasters/crawler)" 629 **0/629658**
57.141.2.47 - - [07/Mar/2026:20:25:49 -0700] "GET /to-play/de-troia-casino-review-and-free-chips-bonus.html HTTP/2.0" 404 106449 "-" "meta-externalagent/1.1 (+https://developers.facebook.com/docs/sharing/webmasters/crawler)" 694 **0/694493**
57.141.2.15 - - [07/Mar/2026:20:26:02 -0700] "GET /to-play/uk-casino-bonus-no-deposit.html HTTP/2.0" 404 106449 "-" "meta-externalagent/1.1 (+https://developers.facebook.com/docs/sharing/webmasters/crawler)" 669 **0/669092**
57.141.2.54 - - [07/Mar/2026:20:26:16 -0700] "GET /to-play/best-online-bingo-app-ireland.html HTTP/2.0" 404 106449 "-" "meta-externalagent/1.1 (+https://developers.facebook.com/docs/sharing/webmasters/crawler)" 656 **0/656012**
68.178.236.130 - - [07/Mar/2026:20:26:29 -0700] "POST /wp-cron.php?doing_wp_cron=1772940389.7698829174041748046875 HTTP/1.1" 200 - "-" "WordPress/6.9.1; https://brightsparkinnovation.org" 16 **0/16936**
57.141.2.24 - - [07/Mar/2026:20:26:29 -0700] "GET /to-play/australia-casinos-guide.html HTTP/2.0" 404 106449 "-" "meta-externalagent/1.1 (+https://developers.facebook.com/docs/sharing/webmasters/crawler)" 701 **0/701458**
57.141.2.60 - - [07/Mar/2026:20:26:42 -0700] "GET /to-play/casino-live-games-free.html HTTP/2.0" 404 106449 "-" "meta-externalagent/1.1 (+https://developers.facebook.com/docs/sharing/webmasters/crawler)" 676 **0/676026**
57.141.2.60 - - [07/Mar/2026:20:26:56 -0700] "GET /to-play/free-no-deposit-mobile-casinos-australia.html HTTP/2.0" 404 106449 "-" "meta-externalagent/1.1 (+https://developers.facebook.com/docs/sharing/webmasters/crawler)" 661 **0/661877**
57.141.2.28 - - [07/Mar/2026:20:27:09 -0700] "GET /to-play/crypto-casinos-online.html HTTP/2.0" 200 - "-" "meta-externalagent/1.1 (+https://developers.facebook.com/docs/sharing/webmasters/crawler)" 8 **0/8819**
68.178.236.130 - - [07/Mar/2026:20:27:23 -0700] "POST /wp-cron.php?doing_wp_cron=1772940443.2185978889465332031250 HTTP/1.1" 200 - "-" "WordPress/6.9.1; https://brightsparkinnovation.org" 19 **0/19526**
57.141.2.61 - - [07/Mar/2026:20:27:22 -0700] "GET /to-play/casino-age-minimum-australia.html HTTP/2.0" 404 106449 "-" "meta-externalagent/1.1 (+https://developers.facebook.com/docs/sharing/webmasters/crawler)" 718 **0/718153**
57.141.2.65 - - [07/Mar/2026:20:27:34 -0700] "GET /to-play/bingo-call-for-88-australia.html HTTP/2.0" 404 106449 "-" "meta-externalagent/1.1 (+https://developers.facebook.com/docs/sharing/webmasters/crawler)" 729 **0/729012**
77.75.76.170 - - [07/Mar/2026:20:27:36 -0700] "GET /to-play/evoplay-top-slots-ireland.html HTTP/1.1" 404 106449 "-" "Mozilla/5.0 (compatible; SeznamBot/4.0; +https://o-seznam.cz/napoveda/vyhledavani/en/seznambot-crawler/)" 558 **0/558933**
57.141.2.54 - - [07/Mar/2026:20:27:46 -0700] "GET /to-play/canada-gambling-participation.html HTTP/2.0" 404 106449 "-" "meta-externalagent/1.1 (+https://developers.facebook.com/docs/sharing/webmasters/crawler)" 697 **0/697747**
57.141.2.44 - - [07/Mar/2026:20:27:58 -0700] "GET /to-play/rollino-casino-login-app-sign-up.html HTTP/2.0" 404 106449 "-" "meta-externalagent/1.1 (+https://developers.facebook.com/docs/sharing/webmasters/crawler)" 768 **0/768617**
57.141.2.55 - - [07/Mar/2026:20:28:09 -0700] "GET /to-play/pragmatic-casino-bonus-codes-2025.html HTTP/2.0" 404 106449 "-" "meta-externalagent/1.1 (+https://developers.facebook.com/docs/sharing/webmasters/crawler)" 649 **0/649834**
68.178.236.130 - - [07/Mar/2026:20:28:21 -0700] "POST /wp-cron.php?doing_wp_cron=1772940501.7953460216522216796875 HTTP/1.1" 200 - "-" "WordPress/6.9.1; https://brightsparkinnovation.org" 16 **0/16062**
57.141.2.5 - - [07/Mar/2026:20:28:21 -0700] "GET /to-play/joker-online-casino-australia.html HTTP/2.0" 404 106449 "-" "meta-externalagent/1.1 (+https://developers.facebook.com/docs/sharing/webmasters/crawler)" 618 **0/618459**
57.141.2.30 - - [07/Mar/2026:20:28:33 -0700] "GET /to-play/ondara-casino-100-free-spins-bonus-2025.html HTTP/2.0" 404 106449 "-" "meta-externalagent/1.1 (+https://developers.facebook.com/docs/sharing/webmasters/crawler)" 740 **0/740097**
57.141.2.16 - - [07/Mar/2026:20:28:45 -0700] "GET /to-play/do-casinos-payout-in-cash-uk.html HTTP/2.0" 404 106449 "-" "meta-externalagent/1.1 (+https://developers.facebook.com/docs/sharing/webmasters/crawler)" 675 **0/675890**
57.141.2.34 - - [07/Mar/2026:20:28:57 -0700] "GET /to-play/casino-gambling-chips.html HTTP/2.0" 404 106449 "-" "meta-externalagent/1.1 (+https://developers.facebook.com/docs/sharing/webmasters/crawler)" 689 **0/689530**
57.141.2.30 - - [07/Mar/2026:20:29:08 -0700] "GET /to-play/online-gambling-free-starting-money.html HTTP/2.0" 404 106449 "-" "meta-externalagent/1.1 (+https://developers.facebook.com/docs/sharing/webmasters/crawler)" 687 **0/687380**
68.178.236.130 - - [07/Mar/2026:20:29:20 -0700] "POST /wp-cron.php?doing_wp_cron=1772940560.7754530906677246093750 HTTP/1.1" 200 - "-" "WordPress/6.9.1; https://brightsparkinnovation.org" 21 **0/21004**
57.141.2.40 - - [07/Mar/2026:20:29:20 -0700] "GET /to-play/are-online-slot-machines-random.html HTTP/2.0" 404 106449 "-" "meta-externalagent/1.1 (+https://developers.facebook.com/docs/sharing/webmasters/crawler)" 676 **0/676367**
57.141.2.48 - - [07/Mar/2026:20:29:32 -0700] "GET /to-play/-5-deposit-slots-australia.html HTTP/2.0" 404 106449 "-" "meta-externalagent/1.1 (+https://developers.facebook.com/docs/sharing/webmasters/crawler)" 689 **0/689588**
57.141.2.50 - - [07/Mar/2026:20:29:44 -0700] "GET /to-play/slot-machine-downloads.html HTTP/2.0" 200 - "-" "meta-externalagent/1.1 (+https://developers.facebook.com/docs/sharing/webmasters/crawler)" 7 **0/7141**
57.141.2.23 - - [07/Mar/2026:20:29:55 -0700] "GET /to-play/new-united-kingdom-top-online-casino.html HTTP/2.0" 404 106449 "-" "meta-externalagent/1.1 (+https://developers.facebook.com/docs/sharing/webmasters/crawler)" 658 **0/658571**
57.141.2.11 - - [07/Mar/2026:20:30:06 -0700] "GET /to-play/casino4stars-no-deposit-bonus-100-free-spins.html HTTP/2.0" 404 106449 "-" "meta-externalagent/1.1 (+https://developers.facebook.com/docs/sharing/webmasters/crawler)" 847 **0/847424**
57.141.2.3 - - [07/Mar/2026:20:30:17 -0700] "GET /to-play/penny-slots-in-canada.html HTTP/2.0" 404 106449 "-" "meta-externalagent/1.1 (+https://developers.facebook.com/docs/sharing/webmasters/crawler)" 728 **0/728980**
68.178.236.130 - - [07/Mar/2026:20:30:27 -0700] "POST /wp-cron.php?doing_wp_cron=1772940627.5953290462493896484375 HTTP/1.1" 200 - "-" "WordPress/6.9.1; https://brightsparkinnovation.org" 19 **0/19667**
57.141.2.46 - - [07/Mar/2026:20:30:27 -0700] "GET /to-play/free-spins-code-no-deposit.html HTTP/2.0" 404 106449 "-" "meta-externalagent/1.1 (+https://developers.facebook.com/docs/sharing/webmasters/crawler)" 606 **0/606640**
57.141.2.49 - - [07/Mar/2026:20:30:37 -0700] "GET /to-play/online-slot-machines-real-money-paypal.html HTTP/2.0" 404 106449 "-" "meta-externalagent/1.1 (+https://developers.facebook.com/docs/sharing/webmasters/crawler)" 667 **0/667119**
27.255.82.134 - - [07/Mar/2026:20:30:43 -0700] "GET /1f2390d515a44a31a9c426683ab9ee3306ce803e8f05bd872252d26d96c99387postname1f2390d515a44a31a9c426683ab9ee3306ce803e8f05bd872252d26d96c99387/ HTTP/1.1" 404 17617 "https://brightsparkinnovation.org/" "Mozilla/5.0 (Windows NT 10.0; Win64; x64; Xbox; Xbox One) AppleWebKit/537.36 (KHTML, like Gecko) Chrome/114.0.0.0 Safari/537.36 Edge/44.18363.8131" 361 **0/361185**
27.255.82.134 - - [07/Mar/2026:20:30:44 -0700] "GET / HTTP/1.1" 200 23677 "-" "Mozilla/5.0 (Windows NT 10.0; Win64; x64; Xbox; Xbox One) AppleWebKit/537.36 (KHTML, like Gecko) Chrome/114.0.0.0 Safari/537.36 Edge/44.18363.8131" 337 **0/337006**
27.255.82.134 - - [07/Mar/2026:20:30:46 -0700] "GET /contact/ HTTP/1.1" 200 23021 "https://brightsparkinnovation.org" "Mozilla/5.0 (Windows NT 10.0; Win64; x64; Xbox; Xbox One) AppleWebKit/537.36 (KHTML, like Gecko) Chrome/114.0.0.0 Safari/537.36 Edge/44.18363.8131" 390 **0/390756**
57.141.2.18 - - [07/Mar/2026:20:30:48 -0700] "GET /to-play/uk-live-casinos.html HTTP/2.0" 404 106449 "-" "meta-externalagent/1.1 (+https://developers.facebook.com/docs/sharing/webmasters/crawler)" 630 **0/630075**
57.141.2.48 - - [07/Mar/2026:20:30:58 -0700] "GET /to-play/slot-vampires-vs-wolves-by-pragmatic-play-demo-free-play.html HTTP/2.0" 404 106449 "-" "meta-externalagent/1.1 (+https://developers.facebook.com/docs/sharing/webmasters/crawler)" 652 **0/652835**
57.141.2.26 - - [07/Mar/2026:20:31:09 -0700] "GET /to-play/interac-deposit-casinos.html HTTP/2.0" 404 106449 "-" "meta-externalagent/1.1 (+https://developers.facebook.com/docs/sharing/webmasters/crawler)" 671 **0/671300**
68.178.236.130 - - [07/Mar/2026:20:31:20 -0700] "POST /wp-cron.php?doing_wp_cron=1772940680.1799380779266357421875 HTTP/1.1" 200 - "-" "WordPress/6.9.1; https://brightsparkinnovation.org" 15 **0/15557**
57.141.2.36 - - [07/Mar/2026:20:31:19 -0700] "GET /to-play/free-online-roulette-ireland.html HTTP/2.0" 404 106449 "-" "meta-externalagent/1.1 (+https://developers.facebook.com/docs/sharing/webmasters/crawler)" 633 **0/633583**
57.141.2.55 - - [07/Mar/2026:20:31:30 -0700] "GET /to-play/most-popular-casino-slot-games.html HTTP/2.0" 404 106449 "-" "meta-externalagent/1.1 (+https://developers.facebook.com/docs/sharing/webmasters/crawler)" 664 **0/664185**
57.141.2.60 - - [07/Mar/2026:20:31:41 -0700] "GET /to-play/habanero-slot-games.html HTTP/2.0" 404 106449 "-" "meta-externalagent/1.1 (+https://developers.facebook.com/docs/sharing/webmasters/crawler)" 639 **0/639861**
57.141.2.5 - - [07/Mar/2026:20:31:51 -0700] "GET /to-play/sluis-casino-bonus-codes-2025.html HTTP/2.0" 404 106449 "-" "meta-externalagent/1.1 (+https://developers.facebook.com/docs/sharing/webmasters/crawler)" 665 **0/665537**
77.75.76.170 - - [07/Mar/2026:20:31:58 -0700] "GET /to-play/promotion-casino-online-ireland.html HTTP/1.1" 404 106449 "-" "Mozilla/5.0 (compatible; SeznamBot/4.0; +https://o-seznam.cz/napoveda/vyhledavani/en/seznambot-crawler/)" 593 **0/593560**
57.141.2.60 - - [07/Mar/2026:20:32:02 -0700] "GET /to-play/virgin-games-casino-review-and-free-chips-bonus.html HTTP/2.0" 404 106449 "-" "meta-externalagent/1.1 (+https://developers.facebook.com/docs/sharing/webmasters/crawler)" 820 **0/820825**
68.178.236.130 - - [07/Mar/2026:20:32:13 -0700] "POST /wp-cron.php?doing_wp_cron=1772940733.0186040401458740234375 HTTP/1.1" 200 - "-" "WordPress/6.9.1; https://brightsparkinnovation.org" 18 **0/18307**
57.141.2.63 - - [07/Mar/2026:20:32:12 -0700] "GET /to-play/shambala-casino-no-deposit-bonus-codes-for-free-spins-2025.html HTTP/2.0" 404 106449 "-" "meta-externalagent/1.1 (+https://developers.facebook.com/docs/sharing/webmasters/crawler)" 722 **0/722784**
68.178.236.130 - - [07/Mar/2026:20:32:23 -0700] "POST /wp-cron.php?doing_wp_cron=1772940743.5960690975189208984375 HTTP/1.1" 200 - "-" "WordPress/6.9.1; https://brightsparkinnovation.org" 17 **0/17645**
57.141.2.25 - - [07/Mar/2026:20:32:23 -0700] "GET /to-play/all-slots-mobile-casino-canada.html HTTP/2.0" 404 106449 "-" "meta-externalagent/1.1 (+https://developers.facebook.com/docs/sharing/webmasters/crawler)" 746 **0/746390**
57.141.2.59 - - [07/Mar/2026:20:32:33 -0700] "GET /to-play/tenerife-casino-no-deposit-bonus-codes-for-free-spins-2025.html HTTP/2.0" 404 106449 "-" "meta-externalagent/1.1 (+https://developers.facebook.com/docs/sharing/webmasters/crawler)" 652 **0/652998**
57.141.2.35 - - [07/Mar/2026:20:32:44 -0700] "GET /to-play/no-deposit-welcome-bonus-casino-2025.html HTTP/2.0" 404 106449 "-" "meta-externalagent/1.1 (+https://developers.facebook.com/docs/sharing/webmasters/crawler)" 658 **0/658466**
57.141.2.29 - - [07/Mar/2026:20:32:54 -0700] "GET /to-play/mayflower-casino-no-deposit-bonus-100-free-spins.html HTTP/2.0" 404 106449 "-" "meta-externalagent/1.1 (+https://developers.facebook.com/docs/sharing/webmasters/crawler)" 727 **0/727626**
57.141.2.21 - - [07/Mar/2026:20:33:05 -0700] "GET /to-play/slot-rtp-australia.html HTTP/2.0" 404 106449 "-" "meta-externalagent/1.1 (+https://developers.facebook.com/docs/sharing/webmasters/crawler)" 631 **0/631862**
57.141.2.9 - - [07/Mar/2026:20:33:15 -0700] "GET /to-play/play-free-games-online-slots.html HTTP/2.0" 404 106449 "-" "meta-externalagent/1.1 (+https://developers.facebook.com/docs/sharing/webmasters/crawler)" 667 **0/667806**
68.178.236.130 - - [07/Mar/2026:20:33:26 -0700] "POST /wp-cron.php?doing_wp_cron=1772940806.8504469394683837890625 HTTP/1.1" 200 - "-" "WordPress/6.9.1; https://brightsparkinnovation.org" 16 **0/16877**
57.141.2.25 - - [07/Mar/2026:20:33:26 -0700] "GET /to-play/gambling-bonuses-new-zealand.html HTTP/2.0" 404 106449 "-" "meta-externalagent/1.1 (+https://developers.facebook.com/docs/sharing/webmasters/crawler)" 630 **0/630264**
57.141.2.36 - - [07/Mar/2026:20:33:36 -0700] "GET /to-play/no-deposit-casino-bonuses-ireland.html HTTP/2.0" 404 106449 "-" "meta-externalagent/1.1 (+https://developers.facebook.com/docs/sharing/webmasters/crawler)" 657 **0/657178**
57.141.2.8 - - [07/Mar/2026:20:33:47 -0700] "GET /to-play/casino-online-vip-ireland.html HTTP/2.0" 404 106449 "-" "meta-externalagent/1.1 (+https://developers.facebook.com/docs/sharing/webmasters/crawler)" 642 **0/642934**
57.141.2.37 - - [07/Mar/2026:20:33:57 -0700] "GET /to-play/mobile-casino-5-free-canada.html HTTP/2.0" 404 106449 "-" "meta-externalagent/1.1 (+https://developers.facebook.com/docs/sharing/webmasters/crawler)" 653 **0/653229**
57.141.2.52 - - [07/Mar/2026:20:34:08 -0700] "GET /to-play/200-free-chip-casino.html HTTP/2.0" 404 106449 "-" "meta-externalagent/1.1 (+https://developers.facebook.com/docs/sharing/webmasters/crawler)" 717 **0/717528**
68.178.236.130 - - [07/Mar/2026:20:34:19 -0700] "POST /wp-cron.php?doing_wp_cron=1772940859.1606419086456298828125 HTTP/1.1" 200 - "-" "WordPress/6.9.1; https://brightsparkinnovation.org" 17 **0/17228**
57.141.2.7 - - [07/Mar/2026:20:34:18 -0700] "GET /to-play/free-casino-australia-no-deposit.html HTTP/2.0" 404 106449 "-" "meta-externalagent/1.1 (+https://developers.facebook.com/docs/sharing/webmasters/crawler)" 621 **0/621695**
57.141.2.23 - - [07/Mar/2026:20:34:29 -0700] "GET /to-play/adler-casino-login-app-sign-up.html HTTP/2.0" 404 106449 "-" "meta-externalagent/1.1 (+https://developers.facebook.com/docs/sharing/webmasters/crawler)" 661 **0/661490**
57.141.2.56 - - [07/Mar/2026:20:34:40 -0700] "GET /to-play/most-popular-slots-in-australia.html HTTP/2.0" 404 106449 "-" "meta-externalagent/1.1 (+https://developers.facebook.com/docs/sharing/webmasters/crawler)" 661 **0/661215**
57.141.2.60 - - [07/Mar/2026:20:34:50 -0700] "GET /to-play/palm-casino-no-deposit-bonus-100-free-spins.html HTTP/2.0" 404 106449 "-" "meta-externalagent/1.1 (+https://developers.facebook.com/docs/sharing/webmasters/crawler)" 651 **0/651791**
57.141.2.55 - - [07/Mar/2026:20:35:01 -0700] "GET /to-play/free-online-casino-games-to-play-now.html HTTP/2.0" 404 106449 "-" "meta-externalagent/1.1 (+https://developers.facebook.com/docs/sharing/webmasters/crawler)" 957 **0/957212**
57.141.2.35 - - [07/Mar/2026:20:35:11 -0700] "GET /to-play/no-deposit-slot-bonus-uk-2025.html HTTP/2.0" 404 106449 "-" "meta-externalagent/1.1 (+https://developers.facebook.com/docs/sharing/webmasters/crawler)" 775 **0/775899**
68.178.236.130 - - [07/Mar/2026:20:35:22 -0700] "POST /wp-cron.php?doing_wp_cron=1772940922.4088220596313476562500 HTTP/1.1" 200 - "-" "WordPress/6.9.1; https://brightsparkinnovation.org" 17 **0/17478**
57.141.2.10 - - [07/Mar/2026:20:35:22 -0700] "GET /to-play/high-five-casino-slots.html HTTP/2.0" 404 106449 "-" "meta-externalagent/1.1 (+https://developers.facebook.com/docs/sharing/webmasters/crawler)" 663 **0/663340**
57.141.2.22 - - [07/Mar/2026:20:35:32 -0700] "GET /to-play/fastpay-casino-canada.html HTTP/2.0" 404 106449 "-" "meta-externalagent/1.1 (+https://developers.facebook.com/docs/sharing/webmasters/crawler)" 718 **0/718494**
57.141.2.64 - - [07/Mar/2026:20:35:43 -0700] "GET /to-play/free-spins-no-deposit-required-ireland-slots.html HTTP/2.0" 404 106449 "-" "meta-externalagent/1.1 (+https://developers.facebook.com/docs/sharing/webmasters/crawler)" 657 **0/657011**
57.141.2.26 - - [07/Mar/2026:20:35:53 -0700] "GET /to-play/biggest-online-casino-in-europe.html HTTP/2.0" 404 106449 "-" "meta-externalagent/1.1 (+https://developers.facebook.com/docs/sharing/webmasters/crawler)" 645 **0/645906**
57.141.2.29 - - [07/Mar/2026:20:36:04 -0700] "GET /to-play/united-kingdoms-best-online-casino.html HTTP/2.0" 404 106449 "-" "meta-externalagent/1.1 (+https://developers.facebook.com/docs/sharing/webmasters/crawler)" 679 **0/679841**
57.141.2.31 - - [07/Mar/2026:20:36:14 -0700] "GET /to-play/vivaro-casino-no-deposit-bonus-codes-for-free-spins-2025.html HTTP/2.0" 404 106449 "-" "meta-externalagent/1.1 (+https://developers.facebook.com/docs/sharing/webmasters/crawler)" 714 **0/714038**
68.178.236.130 - - [07/Mar/2026:20:36:25 -0700] "POST /wp-cron.php?doing_wp_cron=1772940985.4918689727783203125000 HTTP/1.1" 200 - "-" "WordPress/6.9.1; https://brightsparkinnovation.org" 15 **0/15158**
57.141.2.8 - - [07/Mar/2026:20:36:25 -0700] "GET /to-play/bingo-and-slot-games-australia.html HTTP/2.0" 404 106449 "-" "meta-externalagent/1.1 (+https://developers.facebook.com/docs/sharing/webmasters/crawler)" 640 **0/640217**
68.178.236.130 - - [07/Mar/2026:20:36:35 -0700] "POST /wp-cron.php?doing_wp_cron=1772940995.9793150424957275390625 HTTP/1.1" 200 - "-" "WordPress/6.9.1; https://brightsparkinnovation.org" 14 **0/14078**
57.141.2.27 - - [07/Mar/2026:20:36:35 -0700] "GET /to-play/galaksino-casino-review-and-free-chips-bonus.html HTTP/2.0" 404 106449 "-" "meta-externalagent/1.1 (+https://developers.facebook.com/docs/sharing/webmasters/crawler)" 696 **0/696724**
57.141.2.25 - - [07/Mar/2026:20:36:46 -0700] "GET /to-play/best-blackjack-casino.html HTTP/2.0" 404 106449 "-" "meta-externalagent/1.1 (+https://developers.facebook.com/docs/sharing/webmasters/crawler)" 643 **0/643791**
57.141.2.71 - - [07/Mar/2026:20:36:56 -0700] "GET /to-play/free-spins-on-sign-up-no-deposit-australia-2025.html HTTP/2.0" 404 106449 "-" "meta-externalagent/1.1 (+https://developers.facebook.com/docs/sharing/webmasters/crawler)" 705 **0/705430**
57.141.2.20 - - [07/Mar/2026:20:37:07 -0700] "GET /to-play/quickfire-slots.html HTTP/2.0" 404 106449 "-" "meta-externalagent/1.1 (+https://developers.facebook.com/docs/sharing/webmasters/crawler)" 638 **0/638052**
68.178.236.130 - - [07/Mar/2026:20:37:18 -0700] "POST /wp-cron.php?doing_wp_cron=1772941038.1893088817596435546875 HTTP/1.1" 200 - "-" "WordPress/6.9.1; https://brightsparkinnovation.org" 16 **0/16576**
57.141.2.17 - - [07/Mar/2026:20:37:17 -0700] "GET /to-play/10-deposit-bonus-uk-no-wagering.html HTTP/2.0" 404 106449 "-" "meta-externalagent/1.1 (+https://developers.facebook.com/docs/sharing/webmasters/crawler)" 647 **0/647257**
57.141.2.9 - - [07/Mar/2026:20:37:28 -0700] "GET /to-play/casino-party-northern-ireland.html HTTP/2.0" 404 106449 "-" "meta-externalagent/1.1 (+https://developers.facebook.com/docs/sharing/webmasters/crawler)" 650 **0/650651**
57.141.2.43 - - [07/Mar/2026:20:37:39 -0700] "GET /to-play/casino-slot-machines-in-australia.html HTTP/2.0" 404 106449 "-" "meta-externalagent/1.1 (+https://developers.facebook.com/docs/sharing/webmasters/crawler)" 641 **0/641410**
57.141.2.19 - - [07/Mar/2026:20:37:49 -0700] "GET /to-play/new-slot-casino-sites.html HTTP/2.0" 404 106449 "-" "meta-externalagent/1.1 (+https://developers.facebook.com/docs/sharing/webmasters/crawler)" 666 **0/666383**
57.141.2.60 - - [07/Mar/2026:20:37:59 -0700] "GET /to-play/illegal-chinese-gambling-in-australia.html HTTP/2.0" 404 106449 "-" "meta-externalagent/1.1 (+https://developers.facebook.com/docs/sharing/webmasters/crawler)" 688 **0/688486**
57.141.2.63 - - [07/Mar/2026:20:38:10 -0700] "GET /to-play/free-pc-casino-game.html HTTP/2.0" 404 106449 "-" "meta-externalagent/1.1 (+https://developers.facebook.com/docs/sharing/webmasters/crawler)" 618 **0/618822**
68.178.236.130 - - [07/Mar/2026:20:38:21 -0700] "POST /wp-cron.php?doing_wp_cron=1772941101.4574060440063476562500 HTTP/1.1" 200 - "-" "WordPress/6.9.1; https://brightsparkinnovation.org" 18 **0/18374**
57.141.2.6 - - [07/Mar/2026:20:38:21 -0700] "GET /to-play/dafabet-casino-no-deposit-bonus-100-free-spins.html HTTP/2.0" 404 106449 "-" "meta-externalagent/1.1 (+https://developers.facebook.com/docs/sharing/webmasters/crawler)" 655 **0/655825**
57.141.2.36 - - [07/Mar/2026:20:38:31 -0700] "GET /to-play/casino-cheltenham-new-zealand.html HTTP/2.0" 404 106449 "-" "meta-externalagent/1.1 (+https://developers.facebook.com/docs/sharing/webmasters/crawler)" 642 **0/642188**
